atest common factor of 84562284 and 408?
204
Calculate the greatest common divisor of 1892 and 171769004.
1892
What is the greatest common factor of 531783 and 22701?
483
What is the highest common factor of 101 and 19314937?
101
What is the highest common factor of 117522308 and 218116?
7036
What is the greatest common factor of 29 and 1678625995?
29
What is the highest common factor of 11988279 and 426?
213
What is the greatest common factor of 120 and 1869880?
40
What is the greatest common factor of 14 and 79685473?
7
Calculate the greatest common divisor of 778 and 56427173.
389
Calculate the highest common factor of 8 and 1750468.
4
What is the highest common factor of 8323480 and 66?
22
What is the greatest common divisor of 18 and 1549386?
18
Calculate the greatest common factor of 1626 and 30588312.
1626
What is the highest common divisor of 11607 and 135707?
73
What is the greatest common factor of 5093380 and 25630?
2330
Calculate the greatest common divisor of 345 and 3726000.
345
What is the greatest common factor of 598 and 644501?
13
Calculate the greatest common divisor of 75 and 6322425.
75
Calculate the greatest common divisor of 59267 and 12167389.
1261
What is the highest common divisor of 650793 and 290895?
1353
Calculate the highest common factor of 344 and 49688736.
344
Calculate the highest common factor of 324 and 188757.
27
Calculate the highest common factor of 1328690 and 36707.
517
What is the greatest common factor of 2442296 and 107486?
446
Calculate the highest common divisor of 44288 and 8759336.
1384
What is the highest common divisor of 20424228 and 3300?
132
What is the highest common divisor of 104 and 3238768?
104
What is the greatest common divisor of 3811629 and 37851?
111
Calculate the highest common factor of 786590 and 1663620.
1190
What is the greatest common divisor of 1047 and 153009627?
1047
Calculate the greatest common factor of 231808 and 4857102.
3622
Calculate the highest common factor of 3132420 and 71910.
510
Calculate the greatest common divisor of 582250 and 1544875.
2125
What is the highest common divisor of 116 and 2224268?
4
Calculate the highest common factor of 39488 and 8072211.
617
Calculate the greatest common divisor of 71865688 and 8.
8
Calculate the highest common divisor of 14 and 13852139.
7
Calculate the highest common factor of 56464398 and 31482.
2862
What is the greatest common divisor of 7786635 and 316?
79
Calculate the highest common factor of 44893222 and 110.
22
Calculate the highest common divisor of 4246776 and 636.
12
Calculate the highest common factor of 3850 and 1731884.
154
Calculate the greatest common divisor of 2565744 and 1536.
48
What is the greatest common divisor of 105559402 and 2470?
494
Calculate the highest common divisor of 8517 and 478209677.
2839
Calculate the highest common factor of 22507472 and 1928.
1928
What is the greatest common divisor of 119179998 and 567?
567
What is the greatest common factor of 3027190 and 2890?
170
What is the highest common divisor of 60 and 63381642?
6
Calculate the greatest common factor of 443 and 936059.
443
What is the highest common divisor of 1265718058 and 1492?
746
Calculate the greatest common divisor of 300 and 4522225.
25
What is the greatest common factor of 22768214 and 1064?
14
Calculate the highest common factor of 7880252 and 16960.
212
Calculate the highest common divisor of 928 and 414704.
16
What is the highest common factor of 15371006 and 448?
14
Calculate the highest common factor of 184121399 and 9933.
3311
What is the greatest common factor of 72365003 and 133462?
9533
Calculate the highest common divisor of 37072 and 162521.
331
Calculate the greatest common factor of 66430 and 65030.
70
Calculate the greatest common factor of 25685 and 88429.
11
What is the greatest common factor of 59462 and 107419?
13
Calculate the highest common factor of 22917 and 699.
3
Calculate the greatest common divisor of 856365 and 989063.
1543
What is the highest common factor of 20223 and 8235255?
2247
Calculate the highest common factor of 13164963 and 7299.
2433
Calculate the greatest common factor of 100997034 and 149616.
6234
What is the highest common factor of 6633680 and 61004?
404
What is the greatest common factor of 284842344 and 476?
68
What is the highest common factor of 140392 and 414?
46
What is the highest common divisor of 457139661 and 99?
33
What is the highest common divisor of 38703 and 613260093?
5529
What is the greatest common factor of 30598460 and 80?
20
What is the highest common divisor of 5586 and 7149198?
294
Calculate the highest common factor of 62 and 1717400.
62
What is the greatest common factor of 738 and 122713?
41
Calculate the greatest common divisor of 12581 and 123533.
23
What is the highest common factor of 11044740 and 665?
35
Calculate the greatest common divisor of 380 and 161693160.
20
Calculate the highest common factor of 722231 and 742.
53
Calculate the greatest common divisor of 25028202 and 38550.
1542
What is the greatest common divisor of 1161141145 and 515?
515
What is the greatest common factor of 10318 and 35552?
22
Calculate the greatest common divisor of 27944090 and 170.
170
What is the highest common factor of 1072 and 11280?
16
What is the greatest common factor of 587979245 and 3220?
805
Calculate the highest common factor of 172 and 10496.
4
Calculate the highest common factor of 278824 and 6500.
52
What is the greatest common factor of 45904 and 447773?
19
Calculate the greatest common divisor of 1701 and 139721841.
1701
Calculate the highest common factor of 1040 and 2170090.
130
What is the greatest common factor of 80237337 and 21?
3
What is the highest common divisor of 5570 and 99210?
10
What is the highest common factor of 3139 and 319959?
73
Calculate the highest common factor of 137352 and 5385828.
1164
Calculate the highest common factor of 368042 and 22302.
118
What is the highest common factor of 186673 and 5699?
41
What is the greatest common factor of 3510 and 2189106?
54
Calculate the highest common factor of 423753681 and 606.
303
Calculate the highest common factor of 39 and 776751.
3
Calculate the highest common divisor of 240 and 2118112.
16
What is the highest common factor of 145216 and 12928?
64
What is the highest common factor of 106203591 and 26?
13
What is the highest common factor of 24467 and 385213?
569
Calculate the highest common divisor of 11250 and 27991250.
1250
What is the highest common factor of 6062 and 32326?
14
What is the greatest common factor of 1355665 and 32747576?
6613
Calculate the greatest common divisor of 2925 and 346018725.
2925
Calculate the greatest common divisor of 213699053 and 11527.
11527
What is the greatest common factor of 207703 and 166941?
229
What is the highest common factor of 161770 and 11550?
70
What is the highest common factor of 222942634 and 33902?
3082
What is the highest common factor of 484938 and 120495?
87
Calculate the highest common divisor of 752871 and 5544.
21
What is the greatest common factor of 11366520 and 3792?
1896
What is the greatest common factor of 102 and 53803232?
34
Calculate the greatest common factor of 2218 and 741258927.
1109
Calculate the highest common divisor of 69 and 100617801.
69
What is the highest common factor of 726131705 and 6526?
3263
What is the highest common factor of 19242 and 4211860?
2138
What is the highest common divisor of 7409281 and 11?
11
Calculate the greatest common divisor of 1001635 and 89717.
1229
What is the greatest common divisor of 2134410 and 480?
30
What is the greatest common divisor of 9273715 and 2530?
1265
What is the greatest common divisor of 200182812 and 24?
12
Calculate the highest common divisor of 232254 and 9843.
51
What is the highest common factor of 213 and 164480091?
213
Calculate the greatest common factor of 687284 and 598.
26
What is the greatest common factor of 152028 and 2460?
492
Calculate the highest common divisor of 4945531 and 37.
37
What is the greatest common factor of 130 and 45926465?
65
Calculate the greatest common factor of 403488 and 144288.
864
What is the greatest common divisor of 35 and 1090095?
5
Calculate the highest common factor of 116518 and 270572.
782
Calculate the g